5 - -1))) + 2
4
Calculate 1 - -3 - (5 + 0 + -2).
1
What is 10 + 0 + -1 - 15?
-6
Calculate 4 - (-6 - 0 - (28 - 33)).
5
(3 - 1 - (-6 + 9)) + -1
-2
Calculate (-12 - (-12 + -7)) + -10.
-3
Calculate -2 - (-7 + 5 - (-1 - -4)).
3
(1 - 1 - (-6 + 6)) + -4
-4
Evaluate 6 + (-1 - (4 - 5)) - 6.
0
What is (5 - -2) + (0 - (1 + 1))?
5
What is (-2 + -6 - -3) + -1 + 3?
-3
What is the value of (0 - -2) + (3 - (4 + 3))?
-2
Calculate 9 - -7 - 11 - (0 - 1).
6
What is -4 + 2 - -2 - -2?
2
Calculate (-21 - -28) + (-4 - 1).
2
What is 9 + -4 + -2 + 0 + 0?
3
What is 1 + -2 + 7 + -1?
5
What is 0 - -1 - (33 - 29)?
-3
Evaluate (-2 + 2 - 2) + (13 - 13).
-2
Evaluate 7 - (1 + 22 - 8).
-8
What is the value of -6 + 2 + (7 - 4)?
-1
(-3 - -1) + 1 + -3
-4
Evaluate 1 + 4 + (-5 - 6) + 12.
6
Evaluate (144 - 133) + (-1 - 8).
2
What is the value of (-15 - -3) + 2 + 6?
-4
Calculate (9 - -1) + -81 + 74.
3
-18 - -15 - (-2 + 5) - -13
7
7 + 1 + 0 + -4
4
-1 - -3 - (1 - 5)
6
Calculate ((-2 - 1) + 3 - 1) + -2.
-3
-3 - (-1 - (3 - -4) - -2)
3
Calculate (3 - 10 - -1) + 3.
-3
Evaluate -2 - (-4 - (6 + -6) - 2).
4
5 - -5 - (7 - 1) - 3
1
What is the value of -33 + 29 + (3 - 0)?
-1
Evaluate (0 - -2) + 3 + -7 + 3.
1
What is the value of -6 + (11 - -4 - (-3 - -10))?
2
What is (-1 - (3 + -11)) + -3?
4
Evaluate 0 - (5 + 3 + -1).
-7
What is the value of -2 - ((3 + 6 - 5) + 0)?
-6
What is the value of -1 + 4 - (-9 + 14)?
-2
What is the value of -6 + (-5 - (-8 + 2))?
-5
14 - (13 + -6 - (-9 - -11))
9
Calculate -7 - (10 + -3 - 15 - -5).
-4
Calculate 8 - (52 - 42 - (5 + 0)).
3
Calculate (6 + -21 - -9) + 10.
4
(11 - (-4 + 7)) + -10
-2
What is the value of -5 - (7 - (23 - 7))?
4
What is (0 - 2) + (-1 - (-4 + 1))?
0
What is the value of -1 - (4 + -2) - -8?
5
Evaluate -6 + -8 + 7 + 3 - -8.
4
Evaluate (0 - -1 - -2) + (-205 - -193).
-9
0 - -4 - (3 - 3)
4
What is the value of 1 - 4 - (0 - 5) - 3?
-1
Calculate (-10 - 16) + 9 + 9.
-8
Evaluate (-1 - (-1 - 1)) + 8 + -6.
3
Calculate (8 - (9 + -6)) + 2.
7
Calculate 2 + 1 + -1 + 0.
2
Calculate -6 + 7 + -10 - -12.
3
What is -3 - (-6 - -6 - 7)?
4
5 + 6 + (2 - 8)
5
Calculate -5 + (4 - 1) + -2 + 1.
-3
What is the value of (-7 - (-7 + 3)) + 3?
0
Calculate -9 - -1 - (58 - 73).
7
What is 4 + -6 + 8 - 16?
-10
Evaluate -2 - (-5 - (-2 - 2) - -2).
-3
What is -2 + 6 + -4 - 5?
-5
Calculate 6 + -5 - (2 + 0).
-1
Evaluate -112 + 109 - (-11 - 1).
9
What is the value of 3 - (-1 - (-4 + 0))?
0
What is -2 + -12 + (-9 - -21)?
-2
Evaluate 9 + (-5 - -3) + (-3 - -1).
5
What is 1 - ((-7 - -5) + -1 + 3)?
1
(-1 - 3) + -7 - -6
-5
What is the value of 12 + -6 + 0 + -8?
-2
What is (-4 + -2 - -5) + 0?
-1
What is the value of -11 - -13 - (-1 - 0)?
3
What is -2 + (-5 - 5 - -9)?
-3
What is the value of -3 - (27 + -25 - (8 - 1))?
2
What is the value of -15 - -24 - (-1 - -11)?
-1
Evaluate -6 + (-3 - -6) + (-1 - 1).
-5
Evaluate -2 + 2 + -5 + 11 - 1.
5
Calculate (9 - 11) + 3 - (1 + -1).
1
-3 + (-4 - (-7 - -2))
-2
What is 1 + 6 - (5 + 0)?
2
What is -7 + 6 + (3 - 1)?
1
What is 1 - (-7 + 6 + (4 - 3))?
1
Evaluate 7 + (8 - (6 + 10)).
-1
Calculate 0 + (1 + 2 - (0 - 0)).
3
Evaluate (-3 - 3) + 3 + 1.
-2
What is 6 - (3 + 4 + -7) - 4?
2
Calculate -6 + 4 + (1 - 3).
-4
(-1 - (-4 - -1)) + -2 + 0
0
Evaluate (-2 - -17) + -4 + (3 - 6).
8
Calculate 0 + (7 - 4) - 6.
-3
What is -6 + 2 + 3 + -4?
-5
What is 2 + (-3 - 5) + 1 + 0?
-5
What is -4 - 4 - -4 - 1?
-5
What is 4 - (3 - (-1 - 1) - 4)?
3
0 + 4 + -12 + 6
-2
Evaluate (-3 - (-5 + 0)) + 1.
3
What is the value of 5 + -6 + 1 + 0 - 1?
-1
(0 - 2) + (-10 - -13)
1
Calculate 3 - (6 + (-2 - 0)) - -5.
4
Evaluate -10 + (-2 - -6) + 10.
4
Calculate 7 - ((8 - (13 - 8)) + -2).
6
Calculate -8 - 1 - -7 - -6.
4
What is (1 - (0 - 3)) + 0?
4
Evaluate -1 + 4 - (-7 - -12) - -4.
2
What is the value of 4 + -6 - (-5 - 3) - -3?
9
What is -5 + ((7 - 14) + 5 - -5)?
-2
Calculate 6 - -12 - 6 - 5 - 2.
5
Calculate (-11 - -8 - -3) + -4.
-4
Calculate -3 + -3 + 7 + -10.
-9
13 + (12 - 16) + 1
10
What is -16 + 10 + 2 + 0?
-4
What is (-5 - (-1 + 3)) + (1 - -3)?
-3
Evaluate 0 - -3 - 4 - (0 - 2).
1
-69 + 69 + -1 + (1 - -5)
5
-11 + (-2 + 12 - 2)
-3
What is the value of (-1 - 1) + -24 + 26?
0
Evaluate (-6 - -12) + 2 - 0 - 1.
7
What is the value of 6 + (6 - 6 - 5)?
1
What is the value of 5 + (-1 - (-3 - (-1 - 7)))?
-1
What is (3 - (8 - 6)) + 5?
6
What is the value of -5 - (13 + (3 - 17))?
-4
-1 + 6 - (-40 + 45)
0
What is the value of 3 - 5 - -4 - -2?
4
What is the value of -6 + 5 + -1 + 0 - -2?
0
2 - (2 + 7 + -3)
-4
Calculate 1 + 3 + -14 + 9.
-1
What is the value of (-1 - (9 + -9)) + -5?
-6
Calculate 0 + 1 + (6 + -16 - -6).
-3
What is (7 - 15) + 7 + -8 + 1?
-8
Evaluate 5 - (3 - (0 - (-1 - 3))).
6
Calculate -8 + 8 + (2 - -1).
3
Evaluate 19 + -15 + -4 + (-1 - -1).
0
Calculate 7 + 0 + 50 + -56.
1
Evaluate (-44 - -50) + (-1 - 6).
-1
Calculate 4 - (-1 - (1 + -4 + 2)).
4
What is the value of 2 - 2 - (5 + (-6 - -2))?
-1
Calculate (12 - 12 - (-5 - -3)) + 3.
5
8 + -15 + (10 - 12)
-9
What is 7 + -7 + 1 - (5 - 1)?
-3
-4 + (4 + -1 - -3 - 0)
2
Evaluate -4 + -3 + (-6 - -10) - -12.
9
Evaluate -3 - ((2 - (5 + 2)) + 5).
-3
What is the value of (4 - (1 - -2)) + -2?
-1
-5 - -2 - (-3 + (-2 - 2))
4
(4 - (1 + 4 + -3)) + 1
3
Evaluate -7 + (6 - 0) - (0 + 1).
-2
Evaluate (-16 - -15 - (0 + 1)) + 1.
-1
(0 - 3) + (5 - (16 - 12))
-2
Calculate (6 + (6 - 5) - 1) + 2.
8
What is the value of (0 - -2) + (2 - (-1 + 9))?
-4
Calculate 1 - (-2 + 5 - 1).
-1
What is -1 + 2 + (11 - 10) - 3?
-1
What is -33 + 39 - (-3 - 0)?
9
Evaluate (10 + -18 - -2) + 3.
-3
Calculate 17 - (-1 + 7) - (-5 + 11).
5
Evaluate 9 - 7 - (2 + -1).
1
Evaluate 0 + 5 - ((0 - -6) + 3).
-4
Calculate -1 + 3 + -2 - -3 - 8.
-5
4 + 0 + (43 - 58)
-11
What is the value of 3 + 1 + 10 + -7 - 13?
-6
Calculate 8 - 1 - 8 - (6 - 0).
-7
What is the value of -9 + (1 - 5) + 7?
-6
Calculate 2 + -3 + 0 + -2.
-3
2 + -1 + 0 + (-21 - -14)
-6
Calculate 0 + (1 + 3 - 7).
-3
What is 2 + (6 - 4) + -3?
1
3 - (0 + 2) - (10 + -9)
0
What is the value of -5 - (-10 + 15 + -1)?
-9
135 + -127 - (10 + 0)
-2
(-1 - (1 + 1)) + 3
0
Calculate 2 + ((-5 - 2) + 1 - -2).
-2
What is 2 - ((10 - 4) + 0)?
-4
What is -5 + 3 - -3 - (22 + -19)?
-2
Evaluate -10 + 9 + 10 + -4.
5
Calculate -11 - (19 + -10) - -12.
-8
Evaluate -3 - (1 - ((4 - 8) + 4)).
-4
-1 - -6 - (9 - 0 - -3)
-7
What is 2 - (7 + -1 - 5)?
1
Calculate 2 + (6 + -4 - 9).
-5
(0 - (0 + 3) - -1) + -1
-3
Evaluate -2 - (-3 + (-4 - -2)).
3
Evaluate -64 + 65 + (1 - 1 - 1).
0
What is (-2 - -1) + 6 + (-4 - 1)?
0
What is (-3 - 1) + 5 + -4 + -1?
-4
Evaluate 1 - ((4 - 1) + 3).
-5
0 + 0 + 2 + -3
-1
What is the value of -3 - -12 - 2 - (5 + -7)?
9
6 + (-15 - (-11 - -7))
-5
What is -4 + 1 + 6 + 2?
5
Evaluate 1 - (-3 + 6) - (-18 + 16).
0
What is 0 + -8 + -2 + 12?
2
What is the value of -8 + -1 + -1 + 4 + 3?
-3
Evaluate -3 - 0 - (1 + -1).
-3
5 + -6 - (4 + 0)
-5
What is the value of -4 - (2 + -19 + 7)?
6
What is -10 - (-9 + 1) - (-2 - 1)?
1
What is the value of 11 + -2 - (-17 + 26)?
0
What is the value of 7 - (4 + 11 + (11 - 15))?
-4
What is -9 - (10 + -23 + 3)?
1
Calculate 0 + -1 + -1 - (11 - 17).
4
Evaluate 2 + -7 + (-1 - -9).
3
Evaluate 3 + ((0 - 2) + 1 - 3).
-1
3 - 7 - (-12 - (-1 + -2))
5
What is -8 - (-12 - -3 - -2)?
-1
Evaluate 6 + -1 + (4 - 4).
5
What is -9 - (0 + 0 - 5)?
-4
Evaluate 8 + (-5 - 2 - 4).
-3
10 + -8 - (2 - (1 + -7))
-6
What is 5 - (-5 + (-2 - -6) + 5)?
1
Calculate 2 + 5 + -7 - -2 - 8.
-6
What is -46 + 38 + 7 + -1?
-2
What is the value of 1 - 1 - (-7 + 6)?
1
What is the value of 0 + -14 - (-16 - -11)?
-9
Evaluate -14 + -2 - (-22 - -13).
-7
-7 + 5 + (-3 - (1 + -1))
-5
What is -7 + (-1 - -12) + -4 - -6?
6
Calculate 8 - (8 - (2 - 10)).
-8
What is the value of 0 + 3 + (-15 - -10)?
-2
What is 3 - (-19 + 28 + -7 + 1)?
0
(-2 - (6 + -4)) + (4 - -5)
5
Evaluate -28 - -30 - (-2 + 2 + -3).
5
Calculate 4 + -1 + 10 + -7 - 10.
-4
Evaluate 0 + 0 + (-6 - (-5 - 2)).
1
Calculate (-36 - -39) + -2 + 0 + 1.
2
-1 - (1 + -3 - 2)
3
What is (8 - (1 - -4)) + -2?
1
Calculate -1 + 0 + -1 - (10 + -15).
3
-8 - ((0 - -3) + -7)
-4
Evaluate 3 - (-3 - -3 - (8 + -5)).
6
Calculate 7 - (1 + 7 - -3).
-4
Calculate (2 + 0 + -5 - -7) + -6.
-2
What is the value of 2 + (14 - 9) + (0 - 14)?
-7
What is -2 - (-12 + (-1 - (-8 + 1)))?
4
What is -4 - (2 - 4 - 3) - 0?
1
What is the value of -14 + 7 - (-2 - -3) - -3?
-5
Calculate 